{"id":20,"date":"2022-03-28T21:58:54","date_gmt":"2022-03-28T19:58:54","guid":{"rendered":"http:\/\/lagalerieduliv.cluster1.easy-hebergement.net\/?page_id=20"},"modified":"2023-10-21T15:58:40","modified_gmt":"2023-10-21T13:58:40","slug":"a-propos","status":"publish","type":"page","link":"https:\/\/lagaleriedulivre.be\/","title":{"rendered":"\u00c0 propos"},"content":{"rendered":"<div class=\"wp-block-image\">\n<figure class=\"alignleft size-full\"><img data-recalc-dims=\"1\" loading=\"lazy\" decoding=\"async\" width=\"448\" height=\"448\" src=\"https:\/\/i0.wp.com\/lagaleriedulivre.be\/wp-content\/uploads\/2022\/04\/a-propos.png?resize=448%2C448\" alt=\"\" class=\"wp-image-237\" srcset=\"https:\/\/i0.wp.com\/lagaleriedulivre.be\/wp-content\/uploads\/2022\/04\/a-propos.png?w=448&amp;ssl=1 448w, https:\/\/i0.wp.com\/lagaleriedulivre.be\/wp-content\/uploads\/2022\/04\/a-propos.png?resize=300%2C300&amp;ssl=1 300w, https:\/\/i0.wp.com\/lagaleriedulivre.be\/wp-content\/uploads\/2022\/04\/a-propos.png?resize=150%2C150&amp;ssl=1 150w, https:\/\/i0.wp.com\/lagaleriedulivre.be\/wp-content\/uploads\/2022\/04\/a-propos.png?resize=60%2C60&amp;ssl=1 60w\" sizes=\"auto, (max-width: 448px) 100vw, 448px\" \/><\/figure>\n<\/div>\n\n\n<p> Port\u00e9e par la compagnie&nbsp;<a rel=\"noreferrer noopener\" href=\"http:\/\/cdm2047.org\/\" target=\"_blank\">CDM2047<\/a>&nbsp;asbl fond\u00e9e en 2005 \u00e0 Li\u00e8ge et son projet&nbsp;<a href=\"http:\/\/bozon2x.be\/\">BOZON2X \u00e9ditions<\/a>&nbsp;n\u00e9 \u00e0 Spa en 2014, cette initiative est instigu\u00e9e par Claire Blach (artiste pluri-indisciplinaire) et Rapha\u00ebl Denys (auteur). <\/p>\n\n\n\n<p>Etablie \u00e0 Vaux-sous-Ch\u00e8vremont depuis 2020, <em>La Galerie du Livre et de l&rsquo;\u00e9trange<\/em> Th\u00e9\u00e2tre offre un espace d&rsquo;expression \u00e0 des cr\u00e9ateurs singuliers.<\/p>\n\n\n\n<p>Le d\u00e9sir de transcender les catastrophes r\u00e9cemment v\u00e9cues, de continuer \u00e0 pr\u00e9server des choix d&rsquo;audaces jouissives alors que tout nous pousse vers des id\u00e9es de s\u00e9curit\u00e9, constitue la n\u00e9cessit\u00e9 motrice de notre ligne artistique&nbsp;: \u00ab&nbsp;ovnis litt\u00e9raires&nbsp;\u00bb, oiseaux rares de la cr\u00e9ation, formes a-typiques, questionnantes&#8230; Voici de quoi enchanter les d\u00e9nicheurs de talents m\u00e9connus, les satur\u00e9s des petites lucarnes et sentiers cent fois (d\u00e9)-battus&nbsp;!<\/p>\n\n\n\n<p>Bonnes d\u00e9couvertes !&nbsp;<br><\/p>\n\n\n\n<p>Claire Blach &amp; Rapha\u00ebl Denys<\/p>\n\n\n\n<p class=\"has-text-align-right\"><strong>La Galerie du Livre et de l&rsquo;\u00e9trange Th\u00e9\u00e2tre<\/strong><br>59 rue Vall\u00e9e BP 4051 Vaux-sous-Ch\u00e8vremont <br>(juste \u00e0 c\u00f4t\u00e9 de la boulangerie Jolet)<br><br><strong>Heures d&rsquo;ouverture :<\/strong><br>Samedi : de 16 \u00e0 19h<br>Dimanche : de 16 \u00e0 19h<br>(ou sur rendez-vous au +32 468 388 006)<\/p>\n","protected":false},"excerpt":{"rendered":"<p>Port\u00e9e par la compagnie&nbsp;CDM2047&nbsp;asbl fond\u00e9e en 2005 \u00e0 Li\u00e8ge et son projet&nbsp;BOZON2X \u00e9ditions&nbsp;n\u00e9 \u00e0 Spa en 2014, cette initiative est instigu\u00e9e par Claire Blach (artiste &hellip; <\/p>\n","protected":false},"author":1,"featured_media":0,"parent":0,"menu_order":0,"comment_status":"open","ping_status":"closed","template":"","meta":{"footnotes":""},"class_list":["post-20","page","type-page","status-publish","hentry"],"jetpack_sharing_enabled":true,"_links":{"self":[{"href":"https:\/\/lagaleriedulivre.be\/index.php?rest_route=\/wp\/v2\/pages\/20","targetHints":{"allow":["GET"]}}],"collection":[{"href":"https:\/\/lagaleriedulivre.be\/index.php?rest_route=\/wp\/v2\/pages"}],"about":[{"href":"https:\/\/lagaleriedulivre.be\/index.php?rest_route=\/wp\/v2\/types\/page"}],"author":[{"embeddable":true,"href":"https:\/\/lagaleriedulivre.be\/index.php?rest_route=\/wp\/v2\/users\/1"}],"replies":[{"embeddable":true,"href":"https:\/\/lagaleriedulivre.be\/index.php?rest_route=%2Fwp%2Fv2%2Fcomments&post=20"}],"version-history":[{"count":8,"href":"https:\/\/lagaleriedulivre.be\/index.php?rest_route=\/wp\/v2\/pages\/20\/revisions"}],"predecessor-version":[{"id":534,"href":"https:\/\/lagaleriedulivre.be\/index.php?rest_route=\/wp\/v2\/pages\/20\/revisions\/534"}],"wp:attachment":[{"href":"https:\/\/lagaleriedulivre.be\/index.php?rest_route=%2Fwp%2Fv2%2Fmedia&parent=20"}],"curies":[{"name":"wp","href":"https:\/\/api.w.org\/{rel}","templated":true}]}}

À propos

<div class="wp-block-image">
<figure class="alignleft size-full"><img data-recalc-dims="1" loading="lazy" decoding="async" width="448" height="448" src="https://i0.wp.com/lagaleriedulivre.be/wp-content/uploads/2022/04/a-propos.png?resize=448%2C448" alt="" class="wp-image-237" srcset="https://i0.wp.com/lagaleriedulivre.be/wp-content/uploads/2022/04/a-propos.png?w=448&amp;ssl=1 448w, https://i0.wp.com/lagaleriedulivre.be/wp-content/uploads/2022/04/a-propos.png?resize=300%2C300&amp;ssl=1 300w, https://i0.wp.com/lagaleriedulivre.be/wp-content/uploads/2022/04/a-propos.png?resize=150%2C150&amp;ssl=1 150w, https://i0.wp.com/lagaleriedulivre.be/wp-content/uploads/2022/04/a-propos.png?resize=60%2C60&amp;ssl=1 60w" sizes="auto, (max-width: 448px) 100vw, 448px" /></figure>
</div>


<p> Portée par la compagnie&nbsp;<a rel="noreferrer noopener" href="http://cdm2047.org/" target="_blank">CDM2047</a>&nbsp;asbl fondée en 2005 à Liège et son projet&nbsp;<a href="http://bozon2x.be/">BOZON2X éditions</a>&nbsp;né à Spa en 2014, cette initiative est instiguée par Claire Blach (artiste pluri-indisciplinaire) et Raphaël Denys (auteur). </p>



<p>Etablie à Vaux-sous-Chèvremont depuis 2020, <em>La Galerie du Livre et de l&rsquo;étrange</em> Théâtre offre un espace d&rsquo;expression à des créateurs singuliers.</p>



<p>Le désir de transcender les catastrophes récemment vécues, de continuer à préserver des choix d&rsquo;audaces jouissives alors que tout nous pousse vers des idées de sécurité, constitue la nécessité motrice de notre ligne artistique&nbsp;: «&nbsp;ovnis littéraires&nbsp;», oiseaux rares de la création, formes a-typiques, questionnantes&#8230; Voici de quoi enchanter les dénicheurs de talents méconnus, les saturés des petites lucarnes et sentiers cent fois (dé)-battus&nbsp;!</p>



<p>Bonnes découvertes !&nbsp;<br></p>



<p>Claire Blach &amp; Raphaël Denys</p>



<p class="has-text-align-right"><strong>La Galerie du Livre et de l&rsquo;étrange Théâtre</strong><br>59 rue Vallée BP 4051 Vaux-sous-Chèvremont <br>(juste à côté de la boulangerie Jolet)<br><br><strong>Heures d&rsquo;ouverture :</strong><br>Samedi : de 16 à 19h<br>Dimanche : de 16 à 19h<br>(ou sur rendez-vous au +32 468 388 006)</p>

<p>Portée par la compagnie&nbsp;CDM2047&nbsp;asbl fondée en 2005 à Liège et son projet&nbsp;BOZON2X éditions&nbsp;né à Spa en 2014, cette initiative est instiguée par Claire Blach (artiste &hellip; </p>
